when 26384 is divided by 334?
332
What is the remainder when 68584 is divided by 7617?
31
What is the remainder when 4907 is divided by 1193?
135
Calculate the remainder when 93431 is divided by 8.
7
Calculate the remainder when 6054 is divided by 2980.
94
What is the remainder when 409776 is divided by 35?
31
Calculate the remainder when 10003 is divided by 357.
7
Calculate the remainder when 12862 is divided by 1.
0
Calculate the remainder when 19311 is divided by 89.
87
Calculate the remainder when 908 is divided by 408.
92
What is the remainder when 770469 is divided by 256821?
6
Calculate the remainder when 17342 is divided by 5762.
56
What is the remainder when 4593 is divided by 208?
17
What is the remainder when 43885 is divided by 14616?
37
What is the remainder when 5714 is divided by 61?
41
What is the remainder when 115025 is divided by 386?
383
What is the remainder when 17327 is divided by 722?
721
What is the remainder when 12894 is divided by 3217?
26
Calculate the remainder when 2759 is divided by 1167.
425
What is the remainder when 7291 is divided by 1214?
7
What is the remainder when 11488 is divided by 294?
22
Calculate the remainder when 9948 is divided by 1276.
1016
Calculate the remainder when 2431 is divided by 1208.
15
Calculate the remainder when 17021 is divided by 1696.
61
What is the remainder when 210525 is divided by 2567?
31
What is the remainder when 21311 is divided by 7103?
2
What is the remainder when 38478 is divided by 43?
36
Calculate the remainder when 2539 is divided by 561.
295
Calculate the remainder when 1485521 is divided by 331.
324
Calculate the remainder when 47453 is divided by 24.
5
Calculate the remainder when 434 is divided by 227.
207
What is the remainder when 15745 is divided by 9?
4
Calculate the remainder when 2717 is divided by 1037.
643
What is the remainder when 36702 is divided by 586?
370
Calculate the remainder when 4454 is divided by 3849.
605
What is the remainder when 21802 is divided by 12?
10
What is the remainder when 6145 is divided by 220?
205
Calculate the remainder when 407 is divided by 16.
7
Calculate the remainder when 120739 is divided by 234.
229
Calculate the remainder when 43050 is divided by 418.
414
What is the remainder when 2105800 is divided by 2819?
7
Calculate the remainder when 3052 is divided by 234.
10
What is the remainder when 2613 is divided by 831?
120
What is the remainder when 9651 is divided by 261?
255
Calculate the remainder when 17746 is divided by 575.
496
What is the remainder when 421361 is divided by 421346?
15
What is the remainder when 757084 is divided by 59?
55
Calculate the remainder when 169008 is divided by 10.
8
Calculate the remainder when 112535 is divided by 110.
5
What is the remainder when 2133 is divided by 379?
238
What is the remainder when 24883 is divided by 673?
655
What is the remainder when 4831 is divided by 233?
171
Calculate the remainder when 9016 is divided by 640.
56
Calculate the remainder when 13854 is divided by 60.
54
Calculate the remainder when 4715 is divided by 2214.
287
What is the remainder when 1325 is divided by 446?
433
Calculate the remainder when 62963 is divided by 1431.
1430
Calculate the remainder when 6854 is divided by 152.
14
What is the remainder when 3671314 is divided by 127?
125
Calculate the remainder when 2237 is divided by 45.
32
What is the remainder when 69240 is divided by 50?
40
What is the remainder when 32541 is divided by 316?
309
Calculate the remainder when 10640 is divided by 3490.
170
Calculate the remainder when 2821948 is divided by 11.
8
What is the remainder when 13091 is divided by 4331?
98
What is the remainder when 36029 is divided by 402?
251
What is the remainder when 40 is divided by 34?
6
Calculate the remainder when 7936 is divided by 63.
61
Calculate the remainder when 8435 is divided by 74.
73
Calculate the remainder when 281375 is divided by 93780.
35
Calculate the remainder when 244348 is divided by 47.
42
What is the remainder when 4068 is divided by 236?
56
What is the remainder when 87542 is divided by 7?
0
Calculate the remainder when 4643 is divided by 198.
89
Calculate the remainder when 24263 is divided by 1219.
1102
Calculate the remainder when 46526 is divided by 108.
86
Calculate the remainder when 46246 is divided by 9198.
256
Calculate the remainder when 3954 is divided by 1310.
24
What is the remainder when 5560518 is divided by 70?
68
Calculate the remainder when 9544 is divided by 115.
114
What is the remainder when 53068 is divided by 314?
2
Calculate the remainder when 4691181 is divided by 16.
13
Calculate the remainder when 32476 is divided by 7685.
1736
Calculate the remainder when 2830 is divided by 1173.
484
Calculate the remainder when 29059 is divided by 2905.
9
What is the remainder when 534104 is divided by 249?
248
What is the remainder when 8217003 is divided by 929?
927
What is the remainder when 6206 is divided by 295?
11
Calculate the remainder when 161089 is divided by 905.
904
Calculate the remainder when 1931 is divided by 82.
45
Calculate the remainder when 540186 is divided by 171.
168
Calculate the remainder when 2493 is divided by 1235.
23
What is the remainder when 37675 is divided by 137?
0
What is the remainder when 71506 is divided by 1006?
80
Calculate the remainder when 7724 is divided by 198.
2
Calculate the remainder when 88290 is divided by 133.
111
What is the remainder when 13582 is divided by 27?
1
What is the remainder when 675215 is divided by 16?
15
What is the remainder when 217 is divided by 41?
12
Calculate the remainder when 29681 is divided by 4239.
8
Calculate the remainder when 16176 is divided by 1335.
156
What is the remainder when 7091 is divided by 2313?
152
Calculate the remainder when 294834 is divided by 180.
174
What is the remainder when 16061 is divided by 142?
15
What is the remainder when 5314171 is divided by 14?
9
Calculate the remainder when 5074 is divided by 299.
290
Calculate the remainder when 8961 is divided by 1785.
36
What is the remainder when 3113 is divided by 410?
243
Calculate the remainder when 591 is divided by 260.
71
What is the remainder when 55389 is divided by 18430?
99
What is the remainder when 2206282 is divided by 9?
4
What is the remainder when 129999 is divided by 25997?
14
Calculate the remainder when 6225 is divided by 102.
3
What is the remainder when 18517 is divided by 6152?
61
Calculate the remainder when 54916 is divided by 9125.
166
What is the remainder when 1295 is divided by 52?
47
What is the remainder when 14911 is divided by 877?
2
Calculate the remainder when 1296 is divided by 62.
56
What is the remainder when 852279 is divided by 55?
54
What is the remainder when 10082 is divided by 5036?
10
Calculate the remainder when 298 is divided by 44.
34
What is the remainder when 16223 is divided by 134?
9
Calculate the remainder when 22244 is divided by 160.
4
What is the remainder when 1523 is divided by 145?
73
Calculate the remainder when 18764 is divided by 1101.
47
What is the remainder when 3056 is divided by 185?
96
Calculate the remainder when 1007299 is divided by 164.
11
What is the remainder when 38929 is divided by 12?
1
What is the remainder when 411 is divided by 59?
57
Calculate the remainder when 98550 is divided by 39.
36
What is the remainder when 5890 is divided by 1950?
40
What is the remainder when 1996 is divided by 1355?
641
What is the remainder when 3895 is divided by 480?
55
Calculate the remainder when 46413 is divided by 1251.
126
Calculate the remainder when 64705 is divided by 247.
238
Calculate the remainder when 2958031 is divided by 38.
35
Calculate the remainder when 6971 is divided by 387.
5
Calculate the remainder when 7821 is divided by 326.
323
Calculate the remainder when 2100181 is divided by 72.
13
What is the remainder when 286254 is divided by 3?
0
Calculate the remainder when 2529 is divided by 195.
189
Calculate the remainder when 32682 is divided by 117.
39
What is the remainder when 8379 is divided by 88?
19
Calculate the remainder when 107793 is divided by 50.
43
What is the remainder when 534285 is divided by 822?
807
Calculate the remainder when 159914 is divided by 81.
20
What is the remainder when